[INFO] cloning repository https://github.com/Noah-Kennedy/rust_kinect_test
[INFO] running `Command { std: "git" "-c" "credential.helper=" "-c" "credential.helper=/workspace/cargo-home/bin/git-credential-null" "clone" "--bare" "https://github.com/Noah-Kennedy/rust_kinect_test" "/workspace/cache/git-repos/https%3A%2F%2Fgithub.com%2FNoah-Kennedy%2Frust_kinect_test", kill_on_drop: false }`
[INFO] [stderr] Cloning into bare repository '/workspace/cache/git-repos/https%3A%2F%2Fgithub.com%2FNoah-Kennedy%2Frust_kinect_test'...
[INFO] running `Command { std: "git" "rev-parse" "HEAD", kill_on_drop: false }`
[INFO] [stdout] 8d5fe0d42d0f0e83b169a5706e49b179b091ffe8
[INFO] checking Noah-Kennedy/rust_kinect_test against master#af3c6e733a40e671550e0f0f5aeecaa13772ba56 for pr-74989
[INFO] running `Command { std: "git" "clone" "/workspace/cache/git-repos/https%3A%2F%2Fgithub.com%2FNoah-Kennedy%2Frust_kinect_test" "/workspace/builds/worker-5/source", kill_on_drop: false }`
[INFO] [stderr] Cloning into '/workspace/builds/worker-5/source'...
[INFO] [stderr] done.
[INFO] validating manifest of git repo https://github.com/Noah-Kennedy/rust_kinect_test on toolchain af3c6e733a40e671550e0f0f5aeecaa13772ba56
[INFO] running `Command { std: "/workspace/cargo-home/bin/cargo" "+af3c6e733a40e671550e0f0f5aeecaa13772ba56" "read-manifest" "--manifest-path" "Cargo.toml", kill_on_drop: false }`
[INFO] started tweaking git repo https://github.com/Noah-Kennedy/rust_kinect_test
[INFO] finished tweaking git repo https://github.com/Noah-Kennedy/rust_kinect_test
[INFO] tweaked toml for git repo https://github.com/Noah-Kennedy/rust_kinect_test written to /workspace/builds/worker-5/source/Cargo.toml
[INFO] crate git repo https://github.com/Noah-Kennedy/rust_kinect_test already has a lockfile, it will not be regenerated
[INFO] running `Command { std: "/workspace/cargo-home/bin/cargo" "+af3c6e733a40e671550e0f0f5aeecaa13772ba56" "fetch" "--locked" "--manifest-path" "Cargo.toml", kill_on_drop: false }`
[INFO] running `Command { std: "docker" "create" "-v" "/var/lib/crater-agent-workspace/builds/worker-5/target:/opt/rustwide/target:rw,Z" "-v" "/var/lib/crater-agent-workspace/builds/worker-5/source:/opt/rustwide/workdir:ro,Z" "-v" "/var/lib/crater-agent-workspace/cargo-home:/opt/rustwide/cargo-home:ro,Z" "-v" "/var/lib/crater-agent-workspace/rustup-home:/opt/rustwide/rustup-home:ro,Z" "-e" "SOURCE_DIR=/opt/rustwide/workdir" "-e" "CARGO_TARGET_DIR=/opt/rustwide/target" "-e" "CARGO_HOME=/opt/rustwide/cargo-home" "-e" "RUSTUP_HOME=/opt/rustwide/rustup-home" "-w" "/opt/rustwide/workdir" "-m" "1610612736" "--user" "0:0" "--network" "none" "rustops/crates-build-env@sha256:d92eaeed33fa75130ca1ee6c8a01d1ffb62bac859dfdfb3450e3e5d1c0146529" "/opt/rustwide/cargo-home/bin/cargo" "+af3c6e733a40e671550e0f0f5aeecaa13772ba56" "metadata" "--no-deps" "--format-version=1", kill_on_drop: false }`
[INFO] [stdout] e2b0e4902f8d147469960e34e8964aedae75811631c80e7cee7dfa21168f6744
[INFO] [stderr] WARNING: Your kernel does not support swap limit capabilities or the cgroup is not mounted. Memory limited without swap.
[INFO] running `Command { std: "docker" "start" "-a" "e2b0e4902f8d147469960e34e8964aedae75811631c80e7cee7dfa21168f6744", kill_on_drop: false }`
[INFO] running `Command { std: "docker" "inspect" "e2b0e4902f8d147469960e34e8964aedae75811631c80e7cee7dfa21168f6744", kill_on_drop: false }`
[INFO] running `Command { std: "docker" "rm" "-f" "e2b0e4902f8d147469960e34e8964aedae75811631c80e7cee7dfa21168f6744", kill_on_drop: false }`
[INFO] [stdout] e2b0e4902f8d147469960e34e8964aedae75811631c80e7cee7dfa21168f6744
[INFO] running `Command { std: "docker" "create" "-v" "/var/lib/crater-agent-workspace/builds/worker-5/target:/opt/rustwide/target:rw,Z" "-v" "/var/lib/crater-agent-workspace/builds/worker-5/source:/opt/rustwide/workdir:ro,Z" "-v" "/var/lib/crater-agent-workspace/cargo-home:/opt/rustwide/cargo-home:ro,Z" "-v" "/var/lib/crater-agent-workspace/rustup-home:/opt/rustwide/rustup-home:ro,Z" "-e" "SOURCE_DIR=/opt/rustwide/workdir" "-e" "CARGO_TARGET_DIR=/opt/rustwide/target" "-e" "CARGO_INCREMENTAL=0" "-e" "RUST_BACKTRACE=full" "-e" "RUSTFLAGS=--cap-lints=forbid" "-e" "CARGO_HOME=/opt/rustwide/cargo-home" "-e" "RUSTUP_HOME=/opt/rustwide/rustup-home" "-w" "/opt/rustwide/workdir" "-m" "1610612736" "--user" "0:0" "--network" "none" "rustops/crates-build-env@sha256:d92eaeed33fa75130ca1ee6c8a01d1ffb62bac859dfdfb3450e3e5d1c0146529" "/opt/rustwide/cargo-home/bin/cargo" "+af3c6e733a40e671550e0f0f5aeecaa13772ba56" "check" "--frozen" "--all" "--all-targets" "--message-format=json", kill_on_drop: false }`
[INFO] [stdout] a8558f4a8a37e58328516017173ad316ca085e4a6d64fd5d7f4f93fb850b021a
[INFO] [stderr] WARNING: Your kernel does not support swap limit capabilities or the cgroup is not mounted. Memory limited without swap.
[INFO] running `Command { std: "docker" "start" "-a" "a8558f4a8a37e58328516017173ad316ca085e4a6d64fd5d7f4f93fb850b021a", kill_on_drop: false }`
[INFO] [stderr]    Compiling num-traits v0.2.6
[INFO] [stderr]    Compiling serde v0.9.15
[INFO] [stderr]    Compiling dtoa v0.4.3
[INFO] [stderr]    Compiling itoa v0.3.4
[INFO] [stderr]    Compiling bitflags v0.7.0
[INFO] [stderr]    Compiling cfg-if v0.1.5
[INFO] [stderr]     Checking lazy_static v0.2.11
[INFO] [stderr]    Compiling bitflags v0.9.1
[INFO] [stderr]    Compiling khronos_api v1.0.1
[INFO] [stderr]     Checking memoffset v0.2.1
[INFO] [stderr]    Compiling rayon-core v1.4.1
[INFO] [stderr]    Compiling pkg-config v0.3.14
[INFO] [stderr]    Compiling num-integer v0.1.39
[INFO] [stderr]     Checking scopeguard v0.3.3
[INFO] [stderr]    Compiling cc v1.0.25
[INFO] [stderr]    Compiling num-iter v0.1.37
[INFO] [stderr]    Compiling backtrace v0.2.3
[INFO] [stderr]     Checking adler32 v1.0.3
[INFO] [stderr]     Checking approx v0.1.1
[INFO] [stderr]     Checking lzw v0.10.0
[INFO] [stderr]     Checking inflate v0.1.1
[INFO] [stderr]     Checking color_quant v1.0.1
[INFO] [stderr]     Checking smallvec v0.1.8
[INFO] [stderr]     Checking scoped_threadpool v0.1.9
[INFO] [stderr]     Checking fnv v1.0.6
[INFO] [stderr]    Compiling phf_shared v0.7.23
[INFO] [stderr]    Compiling lazy_static v1.1.0
[INFO] [stderr]     Checking rand v0.4.3
[INFO] [stderr]    Compiling dbghelp-sys v0.2.0
[INFO] [stderr]     Checking freenectrs v0.1.0 (https://github.com/Entscheider/freenect-rs.git#b768fb0e)
[INFO] [stderr]    Compiling log v0.4.5
[INFO] [stderr]    Compiling xml-rs v0.3.6
[INFO] [stderr]    Compiling xml-rs v0.6.1
[INFO] [stderr]     Checking deflate v0.7.18
[INFO] [stderr]    Compiling phf_generator v0.7.23
[INFO] [stderr]    Compiling phf v0.7.23
[INFO] [stderr]     Checking gif v0.9.2
[INFO] [stderr]    Compiling log v0.3.9
[INFO] [stderr]    Compiling rayon v1.0.2
[INFO] [stderr]    Compiling phf_codegen v0.7.23
[INFO] [stderr]     Checking fs2 v0.2.5
[INFO] [stderr]    Compiling target_build_utils v0.3.1
[INFO] [stderr]     Checking memmap v0.4.0
[INFO] [stderr]     Checking crossbeam-epoch v0.3.1
[INFO] [stderr]     Checking shared_library v0.1.9
[INFO] [stderr]    Compiling x11-dl v2.18.3
[INFO] [stderr]     Checking osmesa-sys v0.1.2
[INFO] [stderr]     Checking rand v0.3.22
[INFO] [stderr]     Checking crossbeam-deque v0.2.0
[INFO] [stderr]     Checking tempfile v2.2.0
[INFO] [stderr]    Compiling wayland-scanner v0.7.8
[INFO] [stderr]    Compiling gl_generator v0.5.5
[INFO] [stderr]    Compiling backtrace-sys v0.1.24
[INFO] [stderr]    Compiling num-traits v0.1.43
[INFO] [stderr]     Checking cgmath v0.14.1
[INFO] [stderr]     Checking enum_primitive v0.1.1
[INFO] [stderr]    Compiling wayland-client v0.7.8
[INFO] [stderr]     Checking num-rational v0.1.42
[INFO] [stderr]     Checking png v0.6.2
[INFO] [stderr]    Compiling glutin v0.7.4
[INFO] [stderr]    Compiling glium v0.16.0
[INFO] [stderr]     Checking jpeg-decoder v0.1.15
[INFO] [stderr]    Compiling serde_json v0.9.10
[INFO] [stderr]     Checking image v0.12.4
[INFO] [stderr]     Checking genmesh v0.4.3
[INFO] [stderr]     Checking obj v0.5.0
[INFO] [stderr]    Compiling libloading v0.3.4
[INFO] [stderr]     Checking dlib v0.3.1
[INFO] [stderr]     Checking wayland-sys v0.7.8
[INFO] [stderr]     Checking wayland-window v0.4.4
[INFO] [stderr]     Checking wayland-kbd v0.6.3
[INFO] [stderr]     Checking winit v0.5.11
[INFO] [stderr]     Checking rust_kinect_test v0.1.0 (/opt/rustwide/workdir)
[INFO] [stdout] error[E0433]: failed to resolve: could not find `ImgWindow` in `imgwin`
[INFO] [stdout]   --> src/main.rs:29:24
[INFO] [stdout]    |
[INFO] [stdout] 29 |     let dwin = imgwin::ImgWindow::new("Live Depth");
[INFO] [stdout]    |                        ^^^^^^^^^ could not find `ImgWindow` in `imgwin`
[INFO] [stdout] 
[INFO] [stdout] 
[INFO] [stdout] error[E0425]: cannot find value `ctx` in this scope
[INFO] [stdout]   --> src/main.rs:39:5
[INFO] [stdout]    |
[INFO] [stdout] 39 |     ctx.spawn_process_thread().unwrap();
[INFO] [stdout]    |     ^^^ not found in this scope
[INFO] [stdout] 
[INFO] [stdout] 
[INFO] [stdout] error: aborting due to 2 previous errors
[INFO] [stdout] 
[INFO] [stdout] 
[INFO] [stdout] Some errors have detailed explanations: E0425, E0433.
[INFO] [stdout] 
[INFO] [stdout] For more information about an error, try `rustc --explain E0425`.
[INFO] [stdout] 
[INFO] [stderr] error: could not compile `rust_kinect_test`.
[INFO] [stderr] 
[INFO] [stderr] To learn more, run the command again with --verbose.
[INFO] [stderr] warning: build failed, waiting for other jobs to finish...
[INFO] [stdout] error[E0433]: failed to resolve: could not find `ImgWindow` in `imgwin`
[INFO] [stdout]   --> src/main.rs:29:24
[INFO] [stdout]    |
[INFO] [stdout] 29 |     let dwin = imgwin::ImgWindow::new("Live Depth");
[INFO] [stdout]    |                        ^^^^^^^^^ could not find `ImgWindow` in `imgwin`
[INFO] [stdout] 
[INFO] [stdout] 
[INFO] [stdout] error[E0425]: cannot find value `ctx` in this scope
[INFO] [stdout]   --> src/main.rs:39:5
[INFO] [stdout]    |
[INFO] [stdout] 39 |     ctx.spawn_process_thread().unwrap();
[INFO] [stdout]    |     ^^^ not found in this scope
[INFO] [stdout] 
[INFO] [stdout] 
[INFO] [stdout] error: aborting due to 2 previous errors
[INFO] [stdout] 
[INFO] [stdout] 
[INFO] [stdout] Some errors have detailed explanations: E0425, E0433.
[INFO] [stdout] 
[INFO] [stdout] For more information about an error, try `rustc --explain E0425`.
[INFO] [stdout] 
[INFO] [stderr] error: build failed
[INFO] running `Command { std: "docker" "inspect" "a8558f4a8a37e58328516017173ad316ca085e4a6d64fd5d7f4f93fb850b021a", kill_on_drop: false }`
[INFO] running `Command { std: "docker" "rm" "-f" "a8558f4a8a37e58328516017173ad316ca085e4a6d64fd5d7f4f93fb850b021a", kill_on_drop: false }`
[INFO] [stdout] a8558f4a8a37e58328516017173ad316ca085e4a6d64fd5d7f4f93fb850b021a
